f -p**3/6 + 8*p**2 - 570*p. What is f(8)?
8
Let q(z) = -z**2 + 4*z + 9. Let m = 37 + -32. Let n be q(m). Let t(a) = a**2 - 4*a - 3. What is t(n)?
-3
Suppose 4*l = 2*y - 26, -4*y - 6 = 3*l + 8. Let q(f) = -f**2 + 12*f - 8. Let j be q(11). Let o(b) = -b**3 + 2*b**j + 5*b**2 + 1 - 6*b + 0*b**3. What is o(l)?
1
Let l(z) = -z**3 - 2*z**2 + z + 2. Suppose -13*i - 27 = -22*i. Suppose 0 = i*d + 8*d + 22. What is l(d)?
0
Let g(t) be the second derivative of 0 - 5/6*t**3 + 9*t - 5/2*t**2. Calculate g(-4).
15
Let l(f) be the second derivative of f**4/12 - f**3/3 + f**2 - 12*f. Suppose -5*o + 4 = -2*h, -3*o = -3*h - 2*h + 9. What is l(h)?
5
Let d(y) = -5*y**3 + 0*y**3 + 6 + 15 + 9*y + 7*y**2 - 12*y**2 + 4*y**3. Give d(-5).
-24
Let d(u) = u**2 - 19*u - 13. Suppose 0*h - 2*h - 66 = -4*m, -3*m + 69 = 5*h. Determine d(m).
-31
Let r = 10 + -15. Let j(z) = 3*z**2 - 20*z + 6. Let n(c) = -11*c**2 + 76*c - 22. Let a(f) = 15*j(f) + 4*n(f). Determine a(r).
7
Suppose -20 = -5*g + t - 0*t, 25 = 3*g + 2*t. Let v(a) = -9 - 6*a**2 + 7*a**2 - g + 5*a. Let x be v(-7). Let m(z) = z - 9. Calculate m(x).
-9
Suppose 0 = 53*g - 65*g + 48. Let n(a) be the second derivative of 0*a**3 + 1/4*a**g - 5*a + 0*a**2 + 0. What is n(1)?
3
Let v(r) be the third derivative of r**4/12 - 5*r**3/6 - 2*r**2 - 309*r. Give v(11).
17
Let p(x) = 3*x**2 + 10*x - 1. Let g(h) = 7*h**2 + 22*h - 3. Let f(r) = 2*g(r) - 5*p(r). Determine f(-7).
-8
Let k(c) = -2*c**3 + 4*c**2 - 5*c + 6. Let l(z) = -z**3 + z**2 - z + 1. Let b(h) = -k(h) + 5*l(h). Suppose 5 = 3*q + 2*q. Calculate b(q).
-3
Let n(r) = r - 336*r**3 + 9*r**2 - 2*r**2 + 337*r**3. Suppose q + 4 = -g, -2*q + 2*g - 9 = 11. Calculate n(q).
-7
Let z(y) = -3*y**2 + y - 5. Let w be z(0). Let n(p) = 2*p**2 + 12*p + 6. Let l be n(w). Let f(d) = -d**3 - 4*d**2 - d - 4. Give f(l).
0
Let p(z) = -z**2 - 4*z + 4. Let i = -2271 + 2275. Determine p(i).
-28
Suppose 2*z + 10 = -4*w, w + 7 = -5*z - 9. Let o(v) be the second derivative of -7*v**3/6 - v**2/2 - v. Determine o(w).
6
Let q(z) = z + 0*z + 3 + z. Let m(k) = 6*k + 2. Let g(d) = 11*d + 5. Let f(v) = 3*g(v) - 5*m(v). Let n(x) = 3*f(x) - 5*q(x). Give n(-2).
2
Suppose 4*a - 3*l = 12, 4*l = a + 3*l - 3. Let q(x) be the third derivative of -1/24*x**4 - x**2 + 1/3*x**3 + 0*x + 0 + 1/20*x**5 - 1/120*x**6. Determine q(a).
-1
Suppose 16 = -4*w, -5*x + 64 = -2*x - w. Let l = x - 18. Let d(s) = -2*s - l + s + 0*s - s. Calculate d(-4).
6
Let c(h) = -3*h - 13. Let a = 1312 + -1319. Determine c(a).
8
Let d(a) = a**2 + 5*a - 2. Let w(o) be the third derivative of o**5/60 - o**4/8 - 7*o**3/6 + 16*o**2. Let x be w(-2). Give d(x).
22
Let q(s) = -s**2 - 9*s + 2. Let t be q(-9). Suppose r - 2*x - 10 = 0, 2*r - t*x = -0*r + 12. Let u(i) = 0 - 26*i**2 + 21*i**2 + 1 - r*i. Give u(1).
-6
Let v be 14/168 + (33/36)/1. Let a(g) = 13*g - 3. Give a(v).
10
Let p(b) be the second derivative of -b**4/12 - b**3 + 3*b**2 + 15*b + 2. Give p(4).
-34
Let f(c) = -17*c + 2 - 5 + 20*c. Suppose -3*z + 55 = 5*j - 8*z, -24 = -4*j - z. Suppose -j = 4*v - 23. Give f(v).
9
Let q = 66 - 16. Let x = -36 + q. Suppose 0 = 3*b + x - 2. Let p(u) = -u**3 - 4*u**2 + u - 2. Calculate p(b).
-6
Let t(i) = -i**2 + 9*i - 2. Let n be t(6). Let k(h) = 2 - 17*h**3 + n*h**3 - 7*h + 9 - 9*h**2. Calculate k(-8).
3
Suppose 0 = 2*a - 57 + 43. Let s(y) = -6 + y + 3*y - a*y. Let o = -4 - 1. Calculate s(o).
9
Let i = -27 + 47. Suppose -5*k = -i, 0 = 3*u + 2*k + k - 18. Suppose u*t - w - 16 = -6*w, t = 3*w - 14. Let s(b) = b**3 + 2*b**2 + 1. What is s(t)?
1
Let s(u) be the second derivative of -7*u**3/6 - 3*u**2/2 + 2*u. Let h be (-32)/(-24)*-6 + (-18)/(-3). What is s(h)?
11
Let v(g) = -7*g + 6. Let a(s) = 3*s - 3. Let d(r) = -9*a(r) - 4*v(r). Let b be 4 + -11 - (1 + -2). Determine d(b).
-3
Let y(l) = -3*l + 55. Let w(b) = -b + 12. Let m(o) = 9*w(o) - 2*y(o). What is m(-3)?
7
Let r(v) = v**3 - 17*v**2 - 18*v - 10. Suppose 20*a + 67 = 427. Determine r(a).
-10
Let g(x) be the third derivative of 33*x**2 + 0 + 0*x**3 + 0*x - 1/60*x**5 + 1/24*x**4. Determine g(1).
0
Let g be ((-696)/32)/((-9)/12). Let c(y) = g*y + 3*y**2 - 5*y**3 + 4*y**3 - 27*y - 3. What is c(3)?
3
Let a(q) = q - 13. Let g(k) = -6. Let u(w) = 2*a(w) - 5*g(w). Let v = -1368 + 1361. Determine u(v).
-10
Let n be (0 - -1) + 2/2. Suppose 6*x = n*x - 24. Let f(q) = 101*q - 25*q - 33*q - 37*q + 7 + q**2. Determine f(x).
7
Let f(d) be the third derivative of -d**4/12 + 3*d**3/2 + 2*d**2. Suppose -30 = p - 2*p. Let n = -24 + p. What is f(n)?
-3
Let s = -561 + 562. Let r(n) = -11*n**3 - n**2 + 2*n - 1. Calculate r(s).
-11
Let o(i) = 2*i**2 + 7*i - 9. Let g(z) = -z - 7. Let w be g(-2). Determine o(w).
6
Let t(r) = r**2 + 5*r + 1. Let v be 4/(-14) + 2/7. Suppose v*l - 12 = 2*l. Calculate t(l).
7
Let o(k) = 1902*k + 7*k**2 + 5 - 1901*k + 2*k**2 + k**3 + 4. What is o(-9)?
0
Let o be -2 + 1 + (3 - 0). Let b(t) = 0*t**2 - 3*t**2 + 7*t**3 + 0*t**2 + 2*t**o. Suppose 0 = -36*l + 41*l + 5. Calculate b(l).
-8
Let m(s) be the first derivative of 1/2*s**2 - 6 + 0*s. Calculate m(1).
1
Let h(x) be the third derivative of -37*x**2 - 1/6*x**3 - 1/60*x**5 - 1/4*x**4 + 0*x + 0. What is h(-6)?
-1
Let o(c) = 1. Let r(x) = -x + 2. Let i(u) = 4*o(u) + 2*r(u). Let j(g) = 59*g - 110. Let w be j(2). Give i(w).
-8
Let a(s) be the first derivative of -3*s**2/2 + 3*s - 3. Suppose -8*t - 4 = -44. Give a(t).
-12
Let l(x) = -9*x**2 - 16*x + 17. Let q(w) = 20*w**2 + 34*w - 36. Let p(d) = -9*l(d) - 4*q(d). Determine p(-8).
-9
Let g(k) = k**2 + 8*k + 7. Suppose -8*l + 99 = -17*l. Suppose h = -3*s - 1, 0 = h - s + 5 + 16. Let t = h - l. Calculate g(t).
-8
Let f(a) be the first derivative of -a**2 - 13*a + 142. Give f(-7).
1
Let t(v) = -3*v - 1. Let p = -1 + 1. Let k(q) = q**2 - q + 7. Let u(l) = -l + 1. Let n(s) = k(s) - 2*u(s). Let j be n(p). Determine t(j).
-16
Let q(m) = 298 - 8*m**2 + 3*m + 9*m**2 - 304. Calculate q(-9).
48
Let h(z) = 6*z - 2. Let c(g) = -7*g + 1. Let x(q) = 5*c(q) + 6*h(q). What is x(-5)?
-12
Suppose 8 = 2*s - 4. Let x(c) = 3*c**3 - 7*c**2 + 12*c + 7. Let n(r) = -13*r**3 + 28*r**2 - 52*r - 29. Let d(b) = 2*n(b) + 9*x(b). Determine d(s).
-7
Let h be ((-232)/(-48) - -3) + (-3)/(-18). Let y(u) = u**2 - 11*u + 4. What is y(h)?
-20
Let m(v) = 6*v - 74. Let n be m(10). Let l(q) = -q**3 - 13*q**2 + 11*q - 14. What is l(n)?
28
Let s(q) be the second derivative of 1/24*q**5 + 4*q + 0 + 1/360*q**6 - 7/24*q**4 - 1/6*q**3 + 0*q**2. Let x(z) be the second derivative of s(z). Give x(-5).
-7
Let n(g) = 14*g - 3*g**2 + 21*g - 36*g + 3 - 2*g**2 + g**2. Give n(-2).
-11
Suppose -4*c - c + 5 = 0. Let u(l) = 16*l + 1. What is u(c)?
17
Let a be (1 - (1 + 0)) + -3. Let j(l) be the third derivative of -l**4/24 + l**3/6 + 4*l**2 - 5. Give j(a).
4
Let y(n) be the third derivative of -6*n**2 + 2/3*n**3 + 1/4*n**4 + n + 0. Give y(-3).
-14
Let z(g) = 41 - 41 - g + g**3 + g**2 + 0*g**2. Let l(d) = -5*d**2 + d + 3. Let y(u) = l(u) + z(u). Let x = -9 + 12. What is y(x)?
-6
Let m(n) be the second derivative of n**4/12 - n**3/6 - 2*n**2 + n. Give m(3).
2
Let y(u) = u**3 + 7*u**2 - 5*u + 1. Let p = 47 - 49. Let d(c) = 4*c**3 + 20*c**2 - 14*c + 3. Let z(b) = p*d(b) + 7*y(b). Give z(8).
9
Let v(p) = -p**3 + 3*p - 5. Suppose -3*b = 5*m - 1, 4*b - 3 = 3*b + m. Determine v(b).
-7
Let r(h) = 10 + 0*h + 4 - 13 + h**2 + 8*h. Let u = 5 + -14. Let s = u + 3. Give r(s).
-11
Let b(g) = -g**3 + 5*g**2 + 8*g - 5. Let a be b(6). Let o(y) = -2*y**2 + 14*y + 11. Let z be o(a). Let q(t) = t**2 - 11*t + 4. Give q(z).
4
Let m(w) = w**2 + 8*w - 1. Let o(q) = -q**3 - 7*q**2 - 16*q - 24. Let l be o(-4). Give m(l).
-1
Let c(u) be the second derivative of -2*u**3/3 - u**2 - u. Let z(b) = 4*b**2 + 4*b + 7. Let k be z(-2). Suppose 2*q - k = 7*q. Give c(q).
10
Let d(l) = l**2 + 5*l - 2. Let j = 15 + -3. Let x = j - 8. Suppose s - 5*b - 5 = 0, 0 = x*s - 2*s + b + 12. What is d(s)?
-2
Let m = -2 + 4. Let a(y) = 3*y**m - y**2 + 0*y - y**3 + 3*y. Give a(3).
0
Suppose 156*k - 384 = 152*k. Let l(b) = -4 - 92*b + 186*b - k*b. Let u be 3*2/((-6)/5). Determine l(u).
6
Let u(a) = 2*a - 15. Let o(f) = -2*f**3 - 2*f**2 + 8*f + 13. Let i be o(-2). Calculate u(i).
-5
Let f = -53 + 58. Let n = f + 2. Let q(j) = -3*j + 8. What is q(n)?
-13
Let w(h) = -h - 13. Let i be (-12)/10*10/(-4). Suppose 15 = i*g + 42. 